e 220*(q/10)/1. What is the greatest common factor of k and 11?
11
Let w = -10 + 14. Suppose n + w = 10. Let a = -12 - -15. Calculate the highest common divisor of a and n.
3
Let v = 15 - -1. Let n(h) = 3*h**2 - 6*h + 8. Let g be n(4). What is the highest common factor of v and g?
16
Let j(c) = c**3 + 7*c**2 + 6*c + 2. Let o be j(-6). Let r be 6*(o + 102/9). Calculate the highest common factor of 16 and r.
16
Let r be (-17)/(-6) - 6/(-36). Suppose 4*m - r*m = 20. What is the highest common factor of 5 and m?
5
Let d(f) = -f - 4. Let v be d(-4). Suppose v = -5*s + 99 + 61. Let j = s - 19. What is the highest common divisor of 26 and j?
13
Let s(c) = 3*c**2 - 4*c + 6. Let v be s(6). What is the highest common divisor of v and 10?
10
Let s be (-6)/(-8)*(0 - -44). Let w(v) = 7*v - 3. Let h be w(2). What is the greatest common divisor of h and s?
11
Let f(w) = 13*w + 10. Let i be f(6). Calculate the highest common factor of i and 8.
8
Suppose -4*a - g = a - 18, 4*g + 8 = 0. Let w = -188 - -220. What is the highest common divisor of a and w?
4
Let i be (-6)/(-15) - 4842/(-45). What is the highest common divisor of 12 and i?
12
Let h be 3/2*4/6. Let t(o) = -o + 1. Let d be t(h). Let b be ((-1 - d) + 0)*-11. Calculate the greatest common factor of 11 and b.
11
Suppose 0*s - 3*s + 9 = -m, -5*s = 5*m - 15. Let v = 6 - s. Suppose -v*n + 36 = -5*k, -4*k = -0*k. What is the greatest common factor of 12 and n?
12
Suppose -2*n - 2 + 6 = 0. Let m = n + 7. What is the greatest common divisor of m and 99?
9
Let n = 39 - -72. Suppose -4*m + 73 = -n. What is the greatest common factor of 115 and m?
23
Suppose 2*k + 2*x = 10, -2*k + x = 2*k - 40. Calculate the greatest common divisor of k and 3.
3
Let x(d) = -7*d - 3. Suppose i = -3*q + 61, 95 = 6*q - q - 5*i. Suppose -4*r - q = -0*r. Let o be x(r). What is the greatest common divisor of 80 and o?
16
Let p be ((-2)/(-3))/((-2)/(-36)). Calculate the highest common divisor of 108 and p.
12
Suppose 13 = -5*k + 33. Let u = k + 18. Suppose -2*w = -4*d - u, -d - 7 = -3*w + 16. Calculate the highest common divisor of 77 and w.
7
Suppose 0 = -2*s - a + 3*a - 26, -3*s = 5*a - 1. Let n(l) = -3*l - 11. Let d be n(s). What is the highest common divisor of 39 and d?
13
Suppose -5*q = 3*b - 53, 5*q = -0*b + b - 11. Calculate the greatest common divisor of 16 and b.
16
Let u(x) = -x + 10. Let q be u(8). Suppose 0*k = -k + 5, q*k - 9 = c. What is the greatest common factor of c and 1?
1
Let j(v) = 2*v**2 - 4 - 3*v + 2 + v. Let n be j(3). What is the greatest common factor of n and 70?
10
Suppose 3*h = -h + 264. Let r(p) = -4*p**2 - 14*p - 14. Let f be r(-5). Let m = f + h. What is the greatest common divisor of 66 and m?
22
Suppose 3*o + 0*t - 27 = 3*t, -12 = -o + 2*t. Calculate the highest common divisor of 15 and o.
3
Let r be 14/5*(1 - -14). What is the greatest common divisor of 21 and r?
21
Let o = -9 - -22. Let b = 94 - 42. Calculate the greatest common divisor of b and o.
13
Let i = -19 + 58. Let a be (i/(-6))/(2/(-4)). Let h(u) = 17*u**2 - u - 1. Let l be h(2). What is the greatest common factor of l and a?
13
Let t be (2 - 3 - 4)*-3. Suppose v - 16 = -3*v. Suppose -248 = -4*g + 2*w, -v*w = -g - 3*w + 64. What is the greatest common divisor of g and t?
15
Let q(l) = l**2 + 7*l + 2. Let u be q(-7). Suppose -c - 5*b = -2*c + 40, -4*c = u*b - 204. Calculate the highest common factor of 10 and c.
10
Let c = -70 - -133. What is the highest common divisor of 9 and c?
9
Suppose 6 = -y + 8. What is the greatest common factor of 3 and y?
1
Suppose -4*b + 8 = 2*w - 2*b, 3*w + 2*b = 12. Calculate the highest common divisor of 44 and w.
4
Let y = 182 + -54. Calculate the highest common divisor of 16 and y.
16
Let v be (-3)/(-6) + (-15)/(-6). Suppose -3*b = -2*u + 11 + v, -u = 2*b. Suppose p = -i - 4*i + 64, u = p. What is the greatest common factor of 108 and i?
12
Let y = 171 - 86. Calculate the greatest common divisor of 5 and y.
5
Let q be 50/18 + 2/9. Suppose -3*b = 84 - 213. Suppose 0 = -5*d - z + b, 0 = d + q*d + 5*z - 26. What is the highest common factor of 81 and d?
9
Suppose -7 + 227 = 5*u. What is the greatest common factor of 11 and u?
11
Let i be 9/6*(-204)/(-18). Suppose -5*q + 825 = 3*g + 2*g, 4*g - 685 = q. Calculate the highest common factor of g and i.
17
Let w(f) = -f + 3. Let g be w(2). Let m be (3 - 0)/(6/16). What is the highest common divisor of g and m?
1
Suppose -s - 3*s = -8. Let f be 32/s - (-16)/8. Calculate the greatest common divisor of f and 2.
2
Suppose 0 = -4*r - 0*r + 224. Suppose 2*o = 4*m - r, 4*m + 5*o - 14 = 3*m. Let q = m - -49. Calculate the greatest common divisor of q and 9.
9
Let j(t) = 4*t + 21. Let i be j(3). What is the greatest common factor of 3 and i?
3
Suppose 0 = 2*v + 4*z + 2, -2*v + 5 + 9 = -4*z. Suppose 0 = v*r + 5 - 29. Calculate the greatest common factor of 1 and r.
1
Let t(i) be the third derivative of i**6/120 - i**5/12 - 5*i**4/24 - 2*i**3/3 + 3*i**2. Let m be t(6). Calculate the greatest common factor of 18 and m.
2
Suppose y = -2*y - 6. Let v be 57 - (0 + y - -5). What is the highest common divisor of 6 and v?
6
Let i(x) = -x**2 + 15*x + 1. Let t be i(15). What is the highest common divisor of 4 and t?
1
Let b be (2/(-4))/((-4)/32). Suppose n - 2 = 4*h, n - 6*n + 82 = b*h. What is the greatest common factor of n and 2?
2
Let j = 9 - -16. Calculate the highest common factor of j and 125.
25
Suppose 3*c = 6*c. Let l be (-2)/(-4)*(c - -10). Suppose 0*n + l*n = 60. What is the greatest common divisor of 36 and n?
12
Suppose -h + 3 = -m - m, m - 15 = -5*h. Suppose -4*k + 7*k - 33 = m. Calculate the greatest common factor of 77 and k.
11
Let f = -36 + 73. Let n(h) = -h**3 - 7*h**2 + h + 4. Let v be n(-3). Let j = f - v. What is the greatest common divisor of j and 8?
8
Let b be 2735/45 - 2/(-9). Suppose b + 23 = 2*n. What is the greatest common divisor of 6 and n?
6
Suppose 2*p + 7*l - 2*l - 156 = 0, 5*l + 108 = p. What is the greatest common divisor of p and 11?
11
Let c be 22/77*(1 - -20). Calculate the highest common divisor of c and 6.
6
Let s = 38 + -33. What is the highest common divisor of 45 and s?
5
Let j = -7 + 3. Let c = -1 - j. Suppose t + c*a - 4 = 0, -a - 1 - 2 = 0. Calculate the greatest common factor of 91 and t.
13
Let n be (1 - (2 + -3)) + 1. Let g(a) = -6*a - n*a - 5 + 4*a. Let l be g(-4). Calculate the highest common factor of l and 10.
5
Let f(t) = -t**2 + 2*t + 42. Let w be f(0). What is the greatest common factor of 21 and w?
21
Let c be (-1)/(-3) - (-2)/3. Let t(q) = -3*q - 3. Let n be t(-5). Suppose 4*s - 35 + n = -3*m, 2*m = 5*s - 23. What is the greatest common divisor of c and s?
1
Let b(i) = 3*i**2 + 4*i + 1. Let m be b(6). Let h(l) = l**3 + 5*l**2 - 2*l - 5. Let n be h(-4). Calculate the greatest common divisor of n and m.
19
Let v(l) be the third derivative of l**5/60 + 13*l**4/24 - 10*l**3/3 - 7*l**2. Let i be v(-15). Let m = -25 - -65. What is the highest common factor of m and i?
10
Suppose 2*d = 2*s + s + 37, 0 = -5*d - s + 101. Calculate the greatest common divisor of d and 180.
20
Let b be 38/8 + 5/20. Suppose -4*m + 9*m + b*y - 60 = 0, 30 = 5*m - y. Suppose -33 - 2 = -5*f. Calculate the highest common factor of m and f.
7
Let b(d) = 11*d + 5. Let v be b(5). Let j be 9*-2*(-3)/18. Let s(x) = -x**3 + 7*x**2 - 4*x. Let t be s(j). What is the greatest common divisor of v and t?
12
Let j(v) = 2*v**2 - 2*v + 1. Let f be j(2). Calculate the highest common factor of f and 2.
1
Suppose 22 - 114 = -4*x. What is the highest common divisor of 46 and x?
23
Suppose -f + 5*f = 12. Suppose 0*q + f*q + 15 = 0, -3*q = 2*x - 129. What is the greatest common factor of 18 and x?
18
Let d be (5 + -2)*(-40)/(-3). Let j = 239 + -139. What is the greatest common factor of j and d?
20
Let y = -28 + 54. Suppose -65 = -q + y. Calculate the greatest common factor of q and 13.
13
Suppose 4 = n + 12. Let t(s) = s**3 + 10*s**2 + 6*s + 10. Let d be t(n). What is the greatest common factor of 18 and d?
18
Let z(j) = 9*j + 119. Let o be z(-11). Let g = -56 - -86. What is the highest common factor of o and g?
10
Let t = -14 - -20. Calculate the greatest common factor of t and 4.
2
Suppose 5*z = 2*k - 3*k + 16, 3*z = 2*k - 19. Let p(y) = y + 44. Let o be p(0). What is the 